y(b) = -b**3 + 5*b**2 + 7*b - 6. Let z be y(6). Let j = 7 - z. Suppose 2*w = 3*w - j. What are the prime factors of w?
7
Let b be (2 - 1)*(-4)/(-1). Suppose 0 = 4*l - 5*m - 25, b*m = -2*l - 3*l + 62. What are the prime factors of (l - 2) + (-1 - 1)?
2, 3
Let j = -49 - -92. List the prime factors of j.
43
Suppose 3*i = 9*i - 156. What are the prime factors of i?
2, 13
Let c(i) = 0*i**2 - 8*i**2 - 2 - 4 + i**3 + i. List the prime factors of c(8).
2
Let s(q) = -q**2 - 8*q + 1. Let z(f) = -3*f**2 - 23*f + 3. Suppose -24 = -4*u + u. Let t(y) = u*s(y) - 3*z(y). What are the prime factors of t(-6)?
5
Suppose 111 = m + 4*t, -2*m + 2*t + 210 = -2*t. What are the prime factors of m?
107
Suppose 2*d + d = -36. What are the prime factors of (-56)/(-6) - d/18?
2, 5
Let q(b) = 54*b - 1. What are the prime factors of q(2)?
107
Let k(l) = 4*l**2 + l - 1. Let p be 6/(-9)*3/(-2). Let o be k(p). Let q(d) = -d**2 + 7*d - 5. List the prime factors of q(o).
7
Suppose -3*k + 1097 = 4*c, 2*c = -c + 6. What are the prime factors of k?
3, 11
Let i(a) = a + 12. Let s be i(-7). Suppose -s*m + 30 = -15. List the prime factors of m.
3
Let i = -354 - -631. What are the prime factors of i?
277
Let g = 500 + -292. What are the prime factors of g?
2, 13
Let t = -20 - -30. List the prime factors of t.
2, 5
Suppose 12 = 4*l - 0. Let z be 2/l - (-30)/9. Let t = -2 + z. What are the prime factors of t?
2
Suppose -4 + 11 = -f. Let x(o) = o**2 + 7*o + 17. List the prime factors of x(f).
17
Let h = -8 + 4. Let i = 9 + h. List the prime factors of i.
5
List the prime factors of ((-11)/(-22) + (-29)/(-2))*24.
2, 3, 5
Let q(w) = 36*w + 5. What are the prime factors of q(2)?
7, 11
Suppose 19*p - 17*p - 100 = 0. Let x = p + -25. What are the prime factors of x?
5
Suppose -5*p = 3*a - 109, 4*p - 2*a - 65 = 3*a. Suppose 5*m + 2*v + p = 4*m, -4*v + 14 = -m. Let y = -11 - m. What are the prime factors of y?
7
Suppose -5*t - 22 + 2 = 0. Let j(v) = -8 - 49*v**3 - 4*v**2 - 2*v + 3 + 48*v**3. List the prime factors of j(t).
3
Let v = 4 + 1. Suppose -102 + 242 = v*j. Suppose -s - 5*l + 14 = 3*s, 0 = 5*s + l - j. What are the prime factors of s?
2, 3
Suppose 2 = 2*r + 2*j + 26, 5*r - 3*j = -52. Let q be ((-4)/(-3))/((-2)/27). Let n = r - q. What are the prime factors of n?
7
Let m(p) = -5*p + 29. Let s(w) = -3*w + 15. Let i = 7 - 14. Let o(k) = i*s(k) + 4*m(k). What are the prime factors of o(-6)?
5
Suppose -m - 384 = -3*z - 8, 0 = 5*z + 3*m - 622. List the prime factors of z.
5
Let g = -4 + 11. Suppose -3*k + 3*m + 99 = 0, 2*k = g*k - 2*m - 156. What are the prime factors of k?
2, 3, 5
Let k = -7 - -15. What are the prime factors of k?
2
Suppose -9*z + 3*z + 186 = 0. What are the prime factors of z?
31
Let u = -4 + -6. Let c = u + 20. What are the prime factors of c?
2, 5
Let v = 5 - -41. List the prime factors of v.
2, 23
Let m(f) = -f**3 + 2*f**2 + f - 2. Let h be m(2). Suppose h = -0*c + 3*c - 45. What are the prime factors of c?
3, 5
Let v(r) = r**3 - 3*r**2. Let h(m) = 3 - m - 2 - 2. Let u be h(-5). What are the prime factors of v(u)?
2
Suppose 0 = 3*v + 4*v - 14. Suppose -v*f = -5*f + 84. List the prime factors of f.
2, 7
Suppose 8 - 6 = -v. List the prime factors of 16 - v - (7 - 8).
19
Let c = -97 - -52. What are the prime factors of (c/(-6) - 2)*2?
11
Let g(r) = r**2 - 7*r + 3. Let l be g(7). Let d = l - 2. List the prime factors of d/(3 + (-100)/34).
17
Let i = 4 - 4. Suppose -3*q + i*q = 15. What are the prime factors of (q/(-5))/((-2)/(-6))?
3
Let s = 36 + -19. Let j = s + -10. Suppose -2*x + 47 = g, -x = 3*g - 43 + j. List the prime factors of x.
3, 7
Let v(i) = -i**3 - 6*i**2 + 7*i + 1. Let u be v(-7). Let c(k) = 3*k**3 + k - 1. Let d be c(u). List the prime factors of (-3)/9*-14*d.
2, 7
Let c(g) = -g**3 + g**2 - g + 1. Let b be c(1). Suppose b = 4*r - 69 + 21. What are the prime factors of r?
2, 3
Suppose -3*d = -d - 120. Suppose d = -b - 4*b. Let u = b + 20. What are the prime factors of u?
2
Let k = 7 + -11. Let r(z) = -3*z**3 - 6*z**2 - 6*z - 5. Let p(a) = 7*a**3 + 12*a**2 + 13*a + 11. Let n(l) = -2*p(l) - 5*r(l). List the prime factors of n(k).
19
Suppose -p = w - 3*p - 49, p = -4*w + 187. What are the prime factors of w?
47
Let o = -14 + 18. Suppose -o*f + 2 = -6. What are the prime factors of f?
2
Let s(g) = 2*g**2 + 3*g + 1. Suppose 0 = 3*r - 2*i + 1 + 5, 0 = 4*i. Let b be -3*(r/(-1))/2. What are the prime factors of s(b)?
2, 5
Let g = 4 - 2. List the prime factors of (-395)/(-45) + g/9.
3
Suppose -345 + 21 = -6*m. What are the prime factors of m?
2, 3
What are the prime factors of (3 - -2) + (102 - -3)?
2, 5, 11
Let g = 9 + -4. Suppose 0*f + g*f = 0. Let p(r) = r**2 + r + 3. What are the prime factors of p(f)?
3
Suppose 5*r = -3*l + 157, l = -4*l - 5*r + 265. List the prime factors of l.
2, 3
Let k(i) = -2*i**2 + 20*i - 16. Let f be k(13). What are the prime factors of f/(-4) - (-1)/(-2)?
23
Let m(s) be the first derivative of -s**4/2 - 4*s**3/3 - s**2 + 2*s - 2. Let z = 7 + -9. List the prime factors of m(z).
2, 3
Suppose -4*t - 150 + 43 = 3*d, 3*t + 4*d = -75. Let x = t - -46. List the prime factors of x.
17
Let j be 6/(-9)*(-234)/2. Let s = -52 + j. List the prime factors of s.
2, 13
Let w be (0/2)/(-3) - -57. Suppose -4*o = -5*g + w - 1, -5*o = 2*g + 4. List the prime factors of g.
2
Suppose 0 = 5*x - 8 - 2. Let v = x - 0. Suppose -l - 4 = -2*a, -3*a + 16 = 3*l - v*a. List the prime factors of l.
2
Let c(k) = -k**2 + 6*k + 3. Let l be c(5). Let b be -1*((-3)/3 + l). Let s = b - -11. List the prime factors of s.
2
Let u be 8/3*(-165)/(-10). Suppose -5*b - u - 86 = 0. What are the prime factors of -2 - (-2)/((-4)/b)?
11
Let n = -30 + 45. Let a = 7 + n. Let b = a + -12. What are the prime factors of b?
2, 5
Let a be -2 + (-18)/(-3) + -1. Let j(k) = a*k + 1 + 0 - k. What are the prime factors of j(2)?
5
Suppose 3*g - g - 32 = 0. List the prime factors of g.
2
Let c(s) = 38*s**3 - s**2 - s + 1. List the prime factors of c(1).
37
Let i(u) = u - 1. Let w(f) = f. Let m(z) = 4*i(z) - 3*w(z). Let d be m(7). What are the prime factors of d/3 + 5*3?
2
Let p = 169 - 79. Suppose -5*l - 10 - p = 0. Let g = -6 - l. What are the prime factors of g?
2, 7
Let d(l) = l**2 - 14*l + 9. Let q be d(14). Let g = 2 + q. List the prime factors of g.
11
Suppose 0 = -5*f + 4*f + 29. List the prime factors of f.
29
Let x(n) = -n + 2. Let h be x(9). Let j = 12 + h. List the prime factors of j.
5
Suppose -4*u + 1993 = -71. What are the prime factors of (-2)/4*u/(-6)?
43
Let y = 11 - 5. Suppose -p + 20 = -y*p. Let i = p - -11. List the prime factors of i.
7
Let c be (3 + 111)*1/3. Let l = -23 + c. What are the prime factors of l?
3, 5
Let m(z) = 3*z**3 - 7*z**2 + 3*z - 1. List the prime factors of m(4).
7, 13
Suppose 249 = 18*z - 17*z. What are the prime factors of z?
3, 83
Let v(c) = 8*c**2 + 2*c + 17. What are the prime factors of v(-6)?
293
Suppose -2*t + 21 = -3*f, -2*f + 5*f + 3 = 0. What are the prime factors of t?
3
Let m = -7 - -1. What are the prime factors of ((-3)/m)/((-2)/(-20))?
5
Let y(z) = -z**2 + 4*z + 5. Let u be y(4). Let a = -3 - u. Let b = -3 - a. List the prime factors of b.
5
Suppose r = -3*b - 6, -b + 0*b - 18 = -5*r. Suppose r*j - 14 = -3*k + 13, -3*k = -5*j - 67. List the prime factors of k.
2, 7
Suppose 0 = -p - 1, -2*d - 3*p = d. Suppose -q + 5 = -d. What are the prime factors of q?
2, 3
Suppose -4*g = -2*i + 38, 30 = 4*i + g - 19. Let u = i - -23. List the prime factors of u.
2, 3
Let k(c) = -7*c + 1. Suppose 7*f + 25 = 2*f. List the prime factors of k(f).
2, 3
Suppose -3*p + 2*a = -830, 3*a = -p - a + 272. What are the prime factors of p?
2, 3, 23
Let h(m) = -m**2 - 1. Let s(v) = -v**2 + v - 6. Let d(g) = -6*h(g) + s(g). What are the prime factors of d(1)?
2, 3
Let f be (-1)/(-3) - 2/(-3). Let a = f + 1. Suppose 0 = a*p + 4*x - 18, -31 = p - 5*p - 3*x. List the prime factors of p.
7
Suppose -5*i + 20 = -6*i. Let r be 2/(-5) + 52/i. Let z = 7 + r. List the prime factors of z.
2
List the prime factors of (0 - 80/(-6))*792/30.
2, 11
Let w = 213 + -98. What are the prime factors of w?
5, 23
Suppose 2*a + 27 = -a + 2*z, 2*a = -z - 11. Let l = -2 - a. Suppose 3*f + l*w - 39 = 7, -4*f + 5*w + 3 = 0. What are the prime factors of f?
7
Let f = 18 - 2. Suppose 3*o - t - 24 = 0, -